 2. Let a be u(-3). Does 13 divide l(a)?
True
Suppose -2*k + 6 = k. Suppose -2*u + 18 = k. Is u a multiple of 4?
True
Let a be 4/(-2) + (-4)/(-1). Suppose -2*x = a*x - 56. Does 6 divide x?
False
Suppose 0 = 9*x - 10*x + 88. Does 17 divide x?
False
Let d(k) = -2*k + 1. Let u be d(1). Let p(z) = -33*z - 3. Is 6 a factor of p(u)?
True
Let u(x) = -x + x**2 + 4*x + 0*x - 7. Let r be u(-5). Let o(q) = q**2 - q + 1. Is 7 a factor of o(r)?
True
Let w(q) = -q**3 - 9*q**2 - 9*q - 4. Let r be w(-8). Let v = r + 14. Is v a multiple of 6?
True
Let y(h) = -h**2 + 6*h - 3. Let z be y(5). Is 19 a factor of 1 + (-2 + 80)/z?
False
Let j(b) = -b + 8. Let p be j(-6). Suppose g - n = -p, -g - 3*n + 5*n = 19. Is 10 + g - (-5 + 1) a multiple of 5?
True
Let s = 133 - 56. Does 11 divide s?
True
Suppose 197 = 2*v + 5*q - 0*q, -3*v + 292 = 4*q. Is v a multiple of 32?
True
Does 15 divide -6*(-3 - -33*2/(-4))?
False
Let q be 4*(-1)/3*-3. Suppose -q*a + 19 + 77 = 0. Is 22 a factor of a?
False
Suppose -15 = -3*w + 648. Is 37 a factor of w?
False
Suppose -2*c + h = -13, -4*c + 0*h + 21 = -h. Suppose -q - q = -c. Suppose -105 = -4*l - t + 13, q*t - 33 = -l. Is l a multiple of 10?
False
Let v(m) = -m**2 + 14*m + 8. Let a = 0 + -21. Let g be 7/(-1)*36/a. Is 19 a factor of v(g)?
False
Suppose 3*m = -45 - 132. Let s = -115 - -30. Let h = m - s. Does 9 divide h?
False
Does 18 divide ((-135)/(-4))/(4 - (-58)/(-16))?
True
Suppose 0 = -4*t - 26 + 118. Let x be (-2)/9 + 142/(-9). Let c = x + t. Is 7 a factor of c?
True
Let d(u) = -u**3 + 13*u**2 + 10. Let q(m) = -3*m**3 + 40*m**2 - m + 31. Let r(n) = 7*d(n) - 2*q(n). Let p = 13 + -2. Is r(p) a multiple of 11?
False
Let s(f) = f**3 - f**2 - 12. Let u be s(0). Let c be (-4)/u*3*7. Let w = c - 3. Does 4 divide w?
True
Let g(y) = -y**2 - 9*y - 1. Let h be g(-10). Let w(p) = -3*p + 11. Does 22 divide w(h)?
True
Let w(v) = -13*v + 1. Let u(z) = -z**2 - 8*z + 7. Let g be u(-9). Does 10 divide w(g)?
False
Let b = 13 - 8. Suppose 5*d + 83 = 2*x, b*x + 5*d = x + 91. Suppose -2*z + 5 = -x. Does 6 divide z?
False
Let j be (-6)/15 + 7/5. Let s(f) = f**2 - 1. Let x(p) = -p**2 - p + 6. Let n(r) = j*x(r) + 4*s(r). Is n(-2) a multiple of 10?
False
Suppose 4*d = 4*p + 92, -3*p = 5*d - 7*p - 112. Is d a multiple of 10?
True
Let h be ((1 - 3) + 2)/1. Suppose 4*t = -8, 0 = -h*c + 2*c - 5*t - 52. Is c a multiple of 15?
False
Let s(l) = l**2 + 15. Is s(0) even?
False
Suppose 97 = -17*s + 352. Is 10 a factor of s?
False
Let d = -19 - -18. Does 9 divide (50/15)/(d/(-9))?
False
Let h(z) = -3 + 1 + 1 + 9*z**2 + 25*z**2. Let d be h(1). Suppose 2*g - d = -g. Is 4 a factor of g?
False
Let t = 13 - 5. Let q be (t/10)/((-2)/(-15)). Let l = -4 + q. Is 2 a factor of l?
True
Suppose -4 = -f + 3*f. Let d be (f/4)/1*-8. Let g(j) = -j**2 + 7*j + 5. Is 9 a factor of g(d)?
False
Let a be (-4)/((18/15)/(-3)). Is 11 a factor of (-25)/5*(-88)/a?
True
Suppose -2*a = 0, -3*i + 0*i = -a + 3. Let m(d) = 4*d**3 + d**2 - d - 1. Let b be m(i). Let h(v) = 2*v**2 + v + 3. Is 18 a factor of h(b)?
True
Suppose 0 = o - 23 - 11. Is 11 a factor of o?
False
Suppose x + 2*f + 0*f + 6 = 0, f + 12 = -5*x. Let s = 0 - x. Suppose 91 = s*p + 13. Is p a multiple of 21?
False
Let x = 214 + -98. Let r = x + -78. Does 12 divide r?
False
Suppose 0 = -2*f + 5*f - 147. Is 5 a factor of f?
False
Let d = -7 - -12. Let t(q) = -17*q + 3. Let p be t(d). Let a = p + 140. Does 23 divide a?
False
Let t(i) = i**3 - 2*i - 1 + 3*i**2 + 0 - 3*i**2. Is t(3) a multiple of 20?
True
Suppose -194 = -4*r + 138. Let c = r + -39. Is c a multiple of 20?
False
Suppose -3*a + 0*a = 9. Let u = 6 - a. Is u a multiple of 4?
False
Suppose 0*u = -8*u + 552. Does 23 divide u?
True
Suppose 3*c - 7*c + 12 = 0. Suppose 2*i + 5*p + 1 = 26, 47 = c*i - 2*p. Suppose -5*m - 5*f = -i, 0 = -4*m - 5*f - 5 + 15. Does 3 divide m?
False
Let k(i) be the first derivative of -i**3/3 - i**2/2 + 3*i + 2. Let x be k(0). Suppose 2*r = -x*f + 14, 2*r + r - 2*f = 21. Is r a multiple of 4?
False
Let p(i) = -i**3 + i**2 - i. Let x be p(1). Let v(w) = 52*w**2 + w. Does 18 divide v(x)?
False
Let g = 2 + 7. Let j = 17 - g. Let f(h) = h**3 - 8*h**2 + 4*h - 4. Does 14 divide f(j)?
True
Let n = 2 - -13. Is 5 a factor of n?
True
Let j = -55 + 127. Suppose -3*z = -57 - j. Is 12 a factor of z?
False
Let q = -63 + 134. Is q a multiple of 24?
False
Suppose 2*i - 2*n = 0, n = -i - 3*n + 10. Is 13 a factor of 1/6*i*93?
False
Let q(i) = -5*i - 9. Is 9 a factor of q(-9)?
True
Let s(z) = -40*z + 35*z + 0 + 1 - 64*z. Is 32 a factor of s(-1)?
False
Suppose y - 29 = 3*k, 4*y = 3*k - 29 + 163. Suppose 15 = 5*b - y. Is 4 a factor of b?
False
Let j(o) = o + 15. Let a be j(-11). Suppose -a*p = -12 - 4. Does 3 divide p?
False
Suppose -231 = -4*y - 39. Is y a multiple of 12?
True
Let w(k) = -k**3 + 5*k**2 + 5*k + 2. Is w(4) a multiple of 13?
False
Suppose 14 = -2*v - 2. Let g = -4 - v. Suppose 4*m = 3*b + 60, 10 + 74 = g*m + 3*b. Does 8 divide m?
False
Suppose 0 = -94*w + 95*w - 222. Does 37 divide w?
True
Suppose 2*z = 5*z + 108. Let k = -26 - z. Is k a multiple of 7?
False
Let g = 3 - 3. Suppose -5*v = 5*r - 130, g = -5*v + 14 + 11. Is 10 a factor of r?
False
Let u(d) = -7*d**3 + 2*d**2 + 4*d - 2. Let b(a) = 8*a**3 - 3*a**2 - 5*a + 3. Let v(s) = -2*b(s) - 3*u(s). Is v(2) a multiple of 15?
False
Let w(s) = 2*s**2 - 16*s - 12. Is 28 a factor of w(-4)?
True
Let l(u) = u**2 - 8*u + 14. Suppose 14*i - 20 = 12*i. Is l(i) a multiple of 34?
True
Let k be -3 - (0 + (-147 - 2)). Let z = k + -92. Is z a multiple of 21?
False
Let p = -69 - -153. Let i = p + -38. Is 8 a factor of i?
False
Is 8 a factor of 54/12*32/6?
True
Let g = 442 + -260. Is g a multiple of 13?
True
Let h = -7 - -12. Suppose -h*s = 5, -4*o + 3*s + 163 = o. Does 8 divide o?
True
Let b = 3 + 2. Suppose 90 = 4*u - 2*r, -4*r = -4*u + 35 + 45. Suppose -3*h + b = -u. Is 10 a factor of h?
True
Let o(c) = c + 4. Let p be o(-6). Let v(s) = -19*s - 3. Does 14 divide v(p)?
False
Suppose -200 = 5*z - 9*z. Let n = 74 - z. Is n a multiple of 8?
True
Let l(s) = 16*s**2 + 2*s**2 + 1 + 5*s**2. Is 12 a factor of l(-1)?
True
Suppose 0 = 2*r + 2*r + 12. Let l(w) = -2*w - 1. Is l(r) a multiple of 5?
True
Let f(z) be the second derivative of z**4/12 + 3*z**3/2 + 2*z**2 - z. Let g be f(-8). Let b = 9 + g. Is b even?
False
Is 45 a factor of (-4739)/(-105) + 4/(-30)?
True
Suppose 0 = -5*k - 2 - 3. Let p(b) = b**3 - 2*b - 1. Let h be p(k). Is (-1)/2*(-52 - h) a multiple of 13?
True
Suppose -4*f - 16 = -4*s, -4*f + 3*s - 2 = 16. Let g = 9 + f. Suppose -g*l = -18 + 6. Is l even?
True
Suppose 5*c + 190 = 6*y - y, -c = -4*y + 152. Does 17 divide y?
False
Suppose -186 = -2*h - 2*p + 2, -2*h + 185 = p. Is h a multiple of 11?
False
Suppose -4*p + 9 = a, -5*a + p = -a - 53. Suppose -2 = -2*l + 2*j + 12, -j = -3*l + a. Suppose -l*c + 7*c - 52 = 0. Does 13 divide c?
True
Let p = -2 - 2. Let c = 9 + p. Suppose 5*y + 28 = 3*i - 137, -5*y = c*i - 315. Is i a multiple of 20?
True
Let b(r) = -3*r**2 + 3*r + 1. Let a be b(4). Does 17 divide (-5)/a + (-594)/(-7)?
True
Suppose -4*w = 16 + 8. Let g(b) = -b**3 - 6*b**2 - 2*b + 1. Let r be g(w). Suppose -i + r = -5. Is 9 a factor of i?
True
Let h = 35 - 13. Is h a multiple of 4?
False
Let q be -2*(-2 - 3/6). Suppose -85 = -q*u - 15. Does 12 divide u?
False
Let r = 3 + 7. Is 5 a factor of r?
True
Let v = -1 - -4. Suppose 0 = 2*w - 2*j - 64, -v*j - 10 = -w + 26. Does 10 divide w?
True
Let z(b) be the first derivative of -b**3/3 - 7*b**2/2 + 2*b - 2. Is 2 a factor of z(-7)?
True
Suppose -2*m + 11 = -m. Let n(t) = t + 9. Does 12 divide n(m)?
False
Let q = 54 + -11. Is 24 a factor of q?
False
Let m(s) = s + 1. Let v be m(0). Let h(o) = 51*o - 1. Is 20 a factor of h(v)?
False
Let p = 11 + -8. Suppose 4*r + 4*x - 192 = 0, -4*x = -p*r + 2*r + 38. Is r a multiple of 16?
False
Suppose 2*k = 5*r - r - 74, 0 = 4*r + 2*k - 62. Is 10 a factor of r?
False
Let b = -1675 - -870. Is (-4)/(-6) - b/21 a multiple of 8?
False
Suppose 2*s + 6*z = 2*z + 256, -4*z = -2*s + 272. Is s a multiple of 60?
False
Let q = 72 - 56. Is 2 a factor of q?
True
Let d = -121 + 184. Let u = d - 33. Suppose -5*b + 4*b = -u. Does 15 divide b?
True
Let v = -42 - -60. Suppose 3*t - 81 - v = 0. Let x = t + -8. Is 11 a factor of x?
False
Suppose 2*d = 3*n - 23